{"id":35,"date":"2019-03-11T19:39:37","date_gmt":"2019-03-11T19:39:37","guid":{"rendered":"https:\/\/www.icu4u.ch\/?page_id=35"},"modified":"2019-04-27T17:56:17","modified_gmt":"2019-04-27T17:56:17","slug":"leistungen","status":"publish","type":"page","link":"https:\/\/www.icu4u.ch\/?page_id=35","title":{"rendered":"Leistungen &#038; Services"},"content":{"rendered":"\n<p>Folgende Leistungen bieten wir  an: <\/p>\n\n\n\n<p><a href=\"https:\/\/www.icu4u.ch\/?page_id=45\">Kurse, Seminare, Workshop, Lehrg\u00e4nge, Lehrt\u00e4tigkeit <\/a><br><a href=\"https:\/\/www.icu4u.ch\/?page_id=45\">Bildungsprogramme und -konzepte, Beratung &amp; Coaching<\/a>  <br><br><a href=\"https:\/\/www.icu4u.ch\/?page_id=14\">Beratungen f\u00fcr KMU und Startup, Lebensberatungen, Bildungsberatung<\/a><br><a href=\"https:\/\/www.icu4u.ch\/?page_id=47\">Operative Dienstleistungen f\u00fcr Private und Unternehmen <\/a><br><a href=\"https:\/\/www.icu4u.ch\/?page_id=47\">Steuern, Finanzen, Buchhaltung, IT, ICT, PC und Mobile Support<\/a><br><br><a href=\"https:\/\/www.icu4u.ch\/?page_id=46\">Kunst und Kreativit\u00e4t, Malen und Bilder  <\/a><br><br><a href=\"https:\/\/www.icu4u.ch\/?page_id=1101\">Reise und Genesungsbegleitung <\/a><br><a href=\"https:\/\/www.icu4u.ch\/?page_id=98\">Erholung, Entspannung und Genesung.<\/a> <\/p>\n\n\n\n<hr class=\"wp-block-separator\"\/>\n","protected":false},"excerpt":{"rendered":"<p>Folgende Leistungen bieten wir an: Kurse, Seminare, Workshop, Lehrg\u00e4nge, Lehrt\u00e4tigkeit Bildungsprogramme und -konzepte, Beratung &amp; Coaching Beratungen f\u00fcr KMU und Startup, Lebensberatungen, BildungsberatungOperative Dienstleistungen f\u00fcr Private und Unternehmen Steuern, Finanzen, Buchhaltung, IT, ICT, PC und Mobile Support Kunst und Kreativit\u00e4t, Malen und Bilder Reise und Genesungsbegleitung Erholung, Entspannung und Genesung.<\/p>\n","protected":false},"author":1,"featured_media":0,"parent":0,"menu_order":0,"comment_status":"closed","ping_status":"closed","template":"","meta":{"footnotes":""},"class_list":["post-35","page","type-page","status-publish","hentry"],"_links":{"self":[{"href":"https:\/\/www.icu4u.ch\/index.php?rest_route=\/wp\/v2\/pages\/35","targetHints":{"allow":["GET"]}}],"collection":[{"href":"https:\/\/www.icu4u.ch\/index.php?rest_route=\/wp\/v2\/pages"}],"about":[{"href":"https:\/\/www.icu4u.ch\/index.php?rest_route=\/wp\/v2\/types\/page"}],"author":[{"embeddable":true,"href":"https:\/\/www.icu4u.ch\/index.php?rest_route=\/wp\/v2\/users\/1"}],"replies":[{"embeddable":true,"href":"https:\/\/www.icu4u.ch\/index.php?rest_route=%2Fwp%2Fv2%2Fcomments&post=35"}],"version-history":[{"count":28,"href":"https:\/\/www.icu4u.ch\/index.php?rest_route=\/wp\/v2\/pages\/35\/revisions"}],"predecessor-version":[{"id":1863,"href":"https:\/\/www.icu4u.ch\/index.php?rest_route=\/wp\/v2\/pages\/35\/revisions\/1863"}],"wp:attachment":[{"href":"https:\/\/www.icu4u.ch\/index.php?rest_route=%2Fwp%2Fv2%2Fmedia&parent=35"}],"curies":[{"name":"wp","href":"https:\/\/api.w.org\/{rel}","templated":true}]}}