{"id":1906,"date":"2019-04-29T14:57:24","date_gmt":"2019-04-29T14:57:24","guid":{"rendered":"https:\/\/www.icu4u.ch\/?page_id=1906"},"modified":"2019-04-30T23:42:56","modified_gmt":"2019-04-30T23:42:56","slug":"steuererklaerung","status":"publish","type":"page","link":"https:\/\/www.icu4u.ch\/?page_id=1906","title":{"rendered":"Steuererkl\u00e4rung"},"content":{"rendered":"\n<p>Gerne \u00fcbernehme wir f\u00fcr sie das Ausf\u00fcllen Ihrer Steuererkl\u00e4rung.  Schnell und kompetent,  mit oder ohne Optimierung. Steuerkl\u00e4rung fix fertig vorbereitet zum einreichen, oder mit entsprechender Vollmacht, durch uns per e-filling eingereicht. <\/p>\n\n\n\n<p>Mit der Bestellung gehen Sie einen Dienstleistungsvertrag ein. Auf der Bestellseite k\u00f6nnen Sie ihre spezifische W\u00fcnsche anbringen und Ihre Dokumente elektronisch hochladen.  Sie k\u00f6nnen  uns Ihre Dokumente aber auch per Post zustellen.  <br>Vergessen Sie Bitte keine Belege und Dokumente beizulegen. <\/p>\n\n\n\n<p>Beachten Sie, dass bei der Option Hausbesuch die Reisezeit und Spesen gesondert in Rechnung gestellt werden.&nbsp;&nbsp;<\/p>\n\n\n\n<p>Beachten Sie Bitte,  beim Versand via Email kann die Vertraulichkeit  technisch nicht durchgehend sichergestellt werden . Benutzen Sie ein Komprimierungstool z.B. <a href=\"https:\/\/www.chip.de\/downloads\/7-Zip-64-Bit_38851222.html\">7-Zip<\/a> und ein Verschl\u00fcsselungsprogramm. <\/p>\n\n\n\n<p>Die <a href=\"https:\/\/www.icu4u.ch\/?page_id=1909\">Preisliste<\/a> und das <strong><em>Merkblatt Steuern<\/em><\/strong>  helfen Ihnen weiter.  <\/p>\n\n\n\n<div class=\"wp-block-button aligncenter\"><a class=\"wp-block-button__link has-background\" href=\"https:\/\/www.icu4u.ch\/?page_id=2010\" style=\"background-color:#056800\">Bestellung<\/a><\/div>\n","protected":false},"excerpt":{"rendered":"<p>Gerne \u00fcbernehme wir f\u00fcr sie das Ausf\u00fcllen Ihrer Steuererkl\u00e4rung. Schnell und kompetent, mit oder ohne Optimierung. Steuerkl\u00e4rung fix fertig vorbereitet zum einreichen, oder mit entsprechender Vollmacht, durch uns per e-filling eingereicht. Mit der Bestellung gehen Sie einen Dienstleistungsvertrag ein. Auf der Bestellseite k\u00f6nnen Sie ihre spezifische W\u00fcnsche anbringen und Ihre Dokumente elektronisch hochladen. Sie k\u00f6nnen &hellip; <\/p>\n<p class=\"link-more\"><a href=\"https:\/\/www.icu4u.ch\/?page_id=1906\" class=\"more-link\"><span class=\"screen-reader-text\">\u201eSteuererkl\u00e4rung\u201c <\/span>weiterlesen<\/a><\/p>\n","protected":false},"author":1,"featured_media":0,"parent":0,"menu_order":0,"comment_status":"closed","ping_status":"closed","template":"","meta":{"footnotes":""},"class_list":["post-1906","page","type-page","status-publish","hentry"],"_links":{"self":[{"href":"https:\/\/www.icu4u.ch\/index.php?rest_route=\/wp\/v2\/pages\/1906","targetHints":{"allow":["GET"]}}],"collection":[{"href":"https:\/\/www.icu4u.ch\/index.php?rest_route=\/wp\/v2\/pages"}],"about":[{"href":"https:\/\/www.icu4u.ch\/index.php?rest_route=\/wp\/v2\/types\/page"}],"author":[{"embeddable":true,"href":"https:\/\/www.icu4u.ch\/index.php?rest_route=\/wp\/v2\/users\/1"}],"replies":[{"embeddable":true,"href":"https:\/\/www.icu4u.ch\/index.php?rest_route=%2Fwp%2Fv2%2Fcomments&post=1906"}],"version-history":[{"count":11,"href":"https:\/\/www.icu4u.ch\/index.php?rest_route=\/wp\/v2\/pages\/1906\/revisions"}],"predecessor-version":[{"id":2058,"href":"https:\/\/www.icu4u.ch\/index.php?rest_route=\/wp\/v2\/pages\/1906\/revisions\/2058"}],"wp:attachment":[{"href":"https:\/\/www.icu4u.ch\/index.php?rest_route=%2Fwp%2Fv2%2Fmedia&parent=1906"}],"curies":[{"name":"wp","href":"https:\/\/api.w.org\/{rel}","templated":true}]}}